{"id":2375,"date":"2019-01-31T02:31:44","date_gmt":"2019-01-31T02:31:44","guid":{"rendered":"http:\/\/demo.ovathemes.com\/muzze\/?page_id=2375"},"modified":"2024-01-29T07:52:16","modified_gmt":"2024-01-29T07:52:16","slug":"home-simple-boxed","status":"publish","type":"page","link":"https:\/\/muzej-rukotvorina.com\/","title":{"rendered":"Naslovnica"},"content":{"rendered":"\t\t<div data-elementor-type=\"wp-post\" data-elementor-id=\"2375\" class=\"elementor elementor-2375\" data-elementor-settings=\"[]\">\n\t\t\t\t\t\t<div class=\"elementor-inner\">\n\t\t\t\t\t\t\t<div class=\"elementor-section-wrap\">\n\t\t\t\t\t\t\t<section class=\"elementor-section elementor-top-section elementor-element elementor-element-6b8f575 elementor-section-full_width elementor-section-height-default elementor-section-height-default\" data-id=\"6b8f575\" data-element_type=\"section\">\n\t\t\t\t\t\t<div class=\"elementor-container elementor-column-gap-no\">\n\t\t\t\t\t\t\t<div class=\"elementor-row\">\n\t\t\t\t\t<div class=\"elementor-column elementor-col-100 elementor-top-column elementor-element elementor-element-8ae4dee\" data-id=\"8ae4dee\" data-element_type=\"column\">\n\t\t\t<div class=\"elementor-column-wrap elementor-element-populated\">\n\t\t\t\t\t\t\t<div class=\"elementor-widget-wrap\">\n\t\t\t\t\t\t<div class=\"elementor-element elementor-element-af61b59 elementor-widget elementor-widget-image\" data-id=\"af61b59\" data-element_type=\"widget\" data-widget_type=\"image.default\">\n\t\t\t\t<div class=\"elementor-widget-container\">\n\t\t\t\t\t\t\t\t<div class=\"elementor-image\">\n\t\t\t\t\t\t\t\t\t\t\t\t<img width=\"1920\" height=\"1162\" src=\"https:\/\/muzej-rukotvorina.com\/wp-content\/uploads\/2020\/12\/muzej-slajd.jpg\" class=\"attachment-full size-full\" alt=\"\" loading=\"lazy\" srcset=\"https:\/\/muzej-rukotvorina.com\/wp-content\/uploads\/2020\/12\/muzej-slajd.jpg 1920w, https:\/\/muzej-rukotvorina.com\/wp-content\/uploads\/2020\/12\/muzej-slajd-300x182.jpg 300w, https:\/\/muzej-rukotvorina.com\/wp-content\/uploads\/2020\/12\/muzej-slajd-1024x620.jpg 1024w, https:\/\/muzej-rukotvorina.com\/wp-content\/uploads\/2020\/12\/muzej-slajd-768x465.jpg 768w, https:\/\/muzej-rukotvorina.com\/wp-content\/uploads\/2020\/12\/muzej-slajd-1536x930.jpg 1536w, https:\/\/muzej-rukotvorina.com\/wp-content\/uploads\/2020\/12\/muzej-slajd-600x363.jpg 600w\" sizes=\"(max-width: 1920px) 100vw, 1920px\" \/>\t\t\t\t\t\t\t\t\t\t\t\t\t\t<\/div>\n\t\t\t\t\t\t<\/div>\n\t\t\t\t<\/div>\n\t\t\t\t\t\t<\/div>\n\t\t\t\t\t<\/div>\n\t\t<\/div>\n\t\t\t\t\t\t\t\t<\/div>\n\t\t\t\t\t<\/div>\n\t\t<\/section>\n\t\t\t\t<section class=\"elementor-section elementor-top-section elementor-element elementor-element-a2d6135 elementor-section-boxed elementor-section-height-default elementor-section-height-default\" data-id=\"a2d6135\" data-element_type=\"section\">\n\t\t\t\t\t\t<div class=\"elementor-container elementor-column-gap-default\">\n\t\t\t\t\t\t\t<div class=\"elementor-row\">\n\t\t\t\t\t<div class=\"elementor-column elementor-col-50 elementor-top-column elementor-element elementor-element-e7b2bc9\" data-id=\"e7b2bc9\" data-element_type=\"column\" data-settings=\"{&quot;background_background&quot;:&quot;classic&quot;}\">\n\t\t\t<div class=\"elementor-column-wrap elementor-element-populated\">\n\t\t\t\t\t\t\t<div class=\"elementor-widget-wrap\">\n\t\t\t\t\t\t<div class=\"elementor-element elementor-element-5497fb7 elementor-widget elementor-widget-spacer\" data-id=\"5497fb7\" data-element_type=\"widget\" data-widget_type=\"spacer.default\">\n\t\t\t\t<div class=\"elementor-widget-container\">\n\t\t\t\t\t<div class=\"elementor-spacer\">\n\t\t\t<div class=\"elementor-spacer-inner\"><\/div>\n\t\t<\/div>\n\t\t\t\t<\/div>\n\t\t\t\t<\/div>\n\t\t\t\t<div class=\"elementor-element elementor-element-7eb4e82 elementor-widget elementor-widget-heading\" data-id=\"7eb4e82\" data-element_type=\"widget\" data-widget_type=\"heading.default\">\n\t\t\t\t<div class=\"elementor-widget-container\">\n\t\t\t<span class=\"elementor-heading-title elementor-size-medium\">OBI\u010cAJI I TRADICIJA<\/span>\t\t<\/div>\n\t\t\t\t<\/div>\n\t\t\t\t<div class=\"elementor-element elementor-element-31b2e5a elementor-widget elementor-widget-heading\" data-id=\"31b2e5a\" data-element_type=\"widget\" data-widget_type=\"heading.default\">\n\t\t\t\t<div class=\"elementor-widget-container\">\n\t\t\t<h4 class=\"elementor-heading-title elementor-size-default\">Slikom sa\u010duvan trag u vje\u010dnosti<\/h4>\t\t<\/div>\n\t\t\t\t<\/div>\n\t\t\t\t<div class=\"elementor-element elementor-element-2de7a26 elementor-widget elementor-widget-spacer\" data-id=\"2de7a26\" data-element_type=\"widget\" data-widget_type=\"spacer.default\">\n\t\t\t\t<div class=\"elementor-widget-container\">\n\t\t\t\t\t<div class=\"elementor-spacer\">\n\t\t\t<div class=\"elementor-spacer-inner\"><\/div>\n\t\t<\/div>\n\t\t\t\t<\/div>\n\t\t\t\t<\/div>\n\t\t\t\t<div class=\"elementor-element elementor-element-b86925d elementor-widget elementor-widget-heading\" data-id=\"b86925d\" data-element_type=\"widget\" data-widget_type=\"heading.default\">\n\t\t\t\t<div class=\"elementor-widget-container\">\n\t\t\t<span class=\"elementor-heading-title elementor-size-default\">Virtualni Muzej rukotvorina nastao je iz zajednice kao odgovor na postoje\u0107e stanje svijesti ljudi koji \u017eele skrenuti pa\u017enju na vrijednosti tradicijskih rukotvorina koje su nastale u domovima i malim obiteljskim radionicama u bli\u017eoj ili dalekoj povijesti, vrijednosti rukotvorina inspirirane tradicijom ili suvremene rukotvorine koje nastaju iz unutarnjeg poriva autora, a upravo te vrijednosti pokreta\u010d su malih i velikih poduzetni\u010dkih pri\u010da te osnova unutarnjeg du\u0161evnog mira i zadovoljstva. <\/span>\t\t<\/div>\n\t\t\t\t<\/div>\n\t\t\t\t<div class=\"elementor-element elementor-element-03b68d4 elementor-widget elementor-widget-spacer\" data-id=\"03b68d4\" data-element_type=\"widget\" data-widget_type=\"spacer.default\">\n\t\t\t\t<div class=\"elementor-widget-container\">\n\t\t\t\t\t<div class=\"elementor-spacer\">\n\t\t\t<div class=\"elementor-spacer-inner\"><\/div>\n\t\t<\/div>\n\t\t\t\t<\/div>\n\t\t\t\t<\/div>\n\t\t\t\t<div class=\"elementor-element elementor-element-1990c4a elementor-widget elementor-widget-heading\" data-id=\"1990c4a\" data-element_type=\"widget\" data-widget_type=\"heading.default\">\n\t\t\t\t<div class=\"elementor-widget-container\">\n\t\t\t<span class=\"elementor-heading-title elementor-size-default\">Misija je prikupljati, istra\u017eiti, dokumentirati i komunicirati rukotvorine cijeloga svijeta te edukacija svih dobnih skupina i \u010dlanova dru\u0161tva u odr\u017eivom kori\u0161tenju ba\u0161tinskih fenomena u razvoju poduzetni\u010dkih pri\u010da i proizvoda.<\/span>\t\t<\/div>\n\t\t\t\t<\/div>\n\t\t\t\t<div class=\"elementor-element elementor-element-181a9f0 elementor-widget elementor-widget-spacer\" data-id=\"181a9f0\" data-element_type=\"widget\" data-widget_type=\"spacer.default\">\n\t\t\t\t<div class=\"elementor-widget-container\">\n\t\t\t\t\t<div class=\"elementor-spacer\">\n\t\t\t<div class=\"elementor-spacer-inner\"><\/div>\n\t\t<\/div>\n\t\t\t\t<\/div>\n\t\t\t\t<\/div>\n\t\t\t\t<div class=\"elementor-element elementor-element-c8efaa8 elementor-widget elementor-widget-image\" data-id=\"c8efaa8\" data-element_type=\"widget\" data-widget_type=\"image.default\">\n\t\t\t\t<div class=\"elementor-widget-container\">\n\t\t\t\t\t\t\t\t<div class=\"elementor-image\">\n\t\t\t\t\t\t\t\t\t\t\t\t<img src=\"https:\/\/muzej-rukotvorina.com\/wp-content\/uploads\/elementor\/thumbs\/pottery-3242491_1920-1-ozbj1dxevtilh94w7w3g4qdms7im8wep1yi6aab016.png\" title=\"pottery-3242491_1920\" alt=\"pottery-3242491_1920\" \/>\t\t\t\t\t\t\t\t\t\t\t\t\t\t<\/div>\n\t\t\t\t\t\t<\/div>\n\t\t\t\t<\/div>\n\t\t\t\t\t\t<\/div>\n\t\t\t\t\t<\/div>\n\t\t<\/div>\n\t\t\t\t<div class=\"elementor-column elementor-col-50 elementor-top-column elementor-element elementor-element-319496e\" data-id=\"319496e\" data-element_type=\"column\" data-settings=\"{&quot;background_background&quot;:&quot;classic&quot;}\">\n\t\t\t<div class=\"elementor-column-wrap elementor-element-populated\">\n\t\t\t\t\t\t\t<div class=\"elementor-widget-wrap\">\n\t\t\t\t\t\t<div class=\"elementor-element elementor-element-d1180e8 elementor-widget elementor-widget-image\" data-id=\"d1180e8\" data-element_type=\"widget\" data-widget_type=\"image.default\">\n\t\t\t\t<div class=\"elementor-widget-container\">\n\t\t\t\t\t\t\t\t<div class=\"elementor-image\">\n\t\t\t\t\t\t\t\t\t\t\t\t<img src=\"https:\/\/muzej-rukotvorina.com\/wp-content\/uploads\/elementor\/thumbs\/logazapocetnuz-oziiqox5mruklrktgqyb334dyc3xr16kgfqa8vf3ug.png\" title=\"logazapocetnu\u017e\" alt=\"logazapocetnu\u017e\" \/>\t\t\t\t\t\t\t\t\t\t\t\t\t\t<\/div>\n\t\t\t\t\t\t<\/div>\n\t\t\t\t<\/div>\n\t\t\t\t<div class=\"elementor-element elementor-element-fbca683 elementor-widget elementor-widget-image\" data-id=\"fbca683\" data-element_type=\"widget\" data-widget_type=\"image.default\">\n\t\t\t\t<div class=\"elementor-widget-container\">\n\t\t\t\t\t\t\t\t<div class=\"elementor-image\">\n\t\t\t\t\t\t\t\t\t\t\t\t<img width=\"960\" height=\"730\" src=\"https:\/\/muzej-rukotvorina.com\/wp-content\/uploads\/2020\/12\/ptica.jpg\" class=\"attachment-2048x2048 size-2048x2048\" alt=\"\" loading=\"lazy\" srcset=\"https:\/\/muzej-rukotvorina.com\/wp-content\/uploads\/2020\/12\/ptica.jpg 960w, https:\/\/muzej-rukotvorina.com\/wp-content\/uploads\/2020\/12\/ptica-300x228.jpg 300w, https:\/\/muzej-rukotvorina.com\/wp-content\/uploads\/2020\/12\/ptica-768x584.jpg 768w, https:\/\/muzej-rukotvorina.com\/wp-content\/uploads\/2020\/12\/ptica-600x456.jpg 600w\" sizes=\"(max-width: 960px) 100vw, 960px\" \/>\t\t\t\t\t\t\t\t\t\t\t\t\t\t<\/div>\n\t\t\t\t\t\t<\/div>\n\t\t\t\t<\/div>\n\t\t\t\t\t\t<\/div>\n\t\t\t\t\t<\/div>\n\t\t<\/div>\n\t\t\t\t\t\t\t\t<\/div>\n\t\t\t\t\t<\/div>\n\t\t<\/section>\n\t\t\t\t<section class=\"elementor-section elementor-top-section elementor-element elementor-element-6da7327 elementor-section-boxed elementor-section-height-default elementor-section-height-default\" data-id=\"6da7327\" data-element_type=\"section\" data-settings=\"{&quot;background_background&quot;:&quot;classic&quot;}\">\n\t\t\t\t\t\t<div class=\"elementor-container elementor-column-gap-default\">\n\t\t\t\t\t\t\t<div class=\"elementor-row\">\n\t\t\t\t\t<div class=\"elementor-column elementor-col-33 elementor-top-column elementor-element elementor-element-65f3a88\" data-id=\"65f3a88\" data-element_type=\"column\">\n\t\t\t<div class=\"elementor-column-wrap elementor-element-populated\">\n\t\t\t\t\t\t\t<div class=\"elementor-widget-wrap\">\n\t\t\t\t\t\t<div class=\"elementor-element elementor-element-a05a418 elementor-widget elementor-widget-image\" data-id=\"a05a418\" data-element_type=\"widget\" data-widget_type=\"image.default\">\n\t\t\t\t<div class=\"elementor-widget-container\">\n\t\t\t\t\t\t\t\t<div class=\"elementor-image\">\n\t\t\t\t\t\t\t\t\t\t\t\t\t<a href=\"https:\/\/muzej-rukotvorina.com\/index.php\/tradicijske-rukotvorine\/\">\n\t\t\t\t\t\t\t<img width=\"768\" height=\"512\" src=\"https:\/\/muzej-rukotvorina.com\/wp-content\/uploads\/2020\/12\/RUKOTVORINETRADICIJA-768x512.png\" class=\"attachment-medium_large size-medium_large\" alt=\"\" loading=\"lazy\" srcset=\"https:\/\/muzej-rukotvorina.com\/wp-content\/uploads\/2020\/12\/RUKOTVORINETRADICIJA-768x512.png 768w, https:\/\/muzej-rukotvorina.com\/wp-content\/uploads\/2020\/12\/RUKOTVORINETRADICIJA-300x200.png 300w, https:\/\/muzej-rukotvorina.com\/wp-content\/uploads\/2020\/12\/RUKOTVORINETRADICIJA-1024x683.png 1024w, https:\/\/muzej-rukotvorina.com\/wp-content\/uploads\/2020\/12\/RUKOTVORINETRADICIJA-1536x1024.png 1536w, https:\/\/muzej-rukotvorina.com\/wp-content\/uploads\/2020\/12\/RUKOTVORINETRADICIJA-600x400.png 600w, https:\/\/muzej-rukotvorina.com\/wp-content\/uploads\/2020\/12\/RUKOTVORINETRADICIJA.png 1921w\" sizes=\"(max-width: 768px) 100vw, 768px\" \/>\t\t\t\t\t\t\t\t<\/a>\n\t\t\t\t\t\t\t\t\t\t\t\t\t\t<\/div>\n\t\t\t\t\t\t<\/div>\n\t\t\t\t<\/div>\n\t\t\t\t\t\t<\/div>\n\t\t\t\t\t<\/div>\n\t\t<\/div>\n\t\t\t\t<div class=\"elementor-column elementor-col-33 elementor-top-column elementor-element elementor-element-f3cefff\" data-id=\"f3cefff\" data-element_type=\"column\">\n\t\t\t<div class=\"elementor-column-wrap elementor-element-populated\">\n\t\t\t\t\t\t\t<div class=\"elementor-widget-wrap\">\n\t\t\t\t\t\t<div class=\"elementor-element elementor-element-454fdd3 elementor-widget elementor-widget-image\" data-id=\"454fdd3\" data-element_type=\"widget\" data-widget_type=\"image.default\">\n\t\t\t\t<div class=\"elementor-widget-container\">\n\t\t\t\t\t\t\t\t<div class=\"elementor-image\">\n\t\t\t\t\t\t\t\t\t\t\t\t\t<a href=\"https:\/\/muzej-rukotvorina.com\/index.php\/rukotvorine-inspirirane-tradicijom\/\">\n\t\t\t\t\t\t\t<img width=\"768\" height=\"512\" src=\"https:\/\/muzej-rukotvorina.com\/wp-content\/uploads\/2020\/12\/TRADICIJA-768x512.png\" class=\"attachment-medium_large size-medium_large\" alt=\"\" loading=\"lazy\" srcset=\"https:\/\/muzej-rukotvorina.com\/wp-content\/uploads\/2020\/12\/TRADICIJA-768x512.png 768w, https:\/\/muzej-rukotvorina.com\/wp-content\/uploads\/2020\/12\/TRADICIJA-300x200.png 300w, https:\/\/muzej-rukotvorina.com\/wp-content\/uploads\/2020\/12\/TRADICIJA-1024x682.png 1024w, https:\/\/muzej-rukotvorina.com\/wp-content\/uploads\/2020\/12\/TRADICIJA-1536x1024.png 1536w, https:\/\/muzej-rukotvorina.com\/wp-content\/uploads\/2020\/12\/TRADICIJA-600x400.png 600w, https:\/\/muzej-rukotvorina.com\/wp-content\/uploads\/2020\/12\/TRADICIJA-e1606987407629.png 922w\" sizes=\"(max-width: 768px) 100vw, 768px\" \/>\t\t\t\t\t\t\t\t<\/a>\n\t\t\t\t\t\t\t\t\t\t\t\t\t\t<\/div>\n\t\t\t\t\t\t<\/div>\n\t\t\t\t<\/div>\n\t\t\t\t\t\t<\/div>\n\t\t\t\t\t<\/div>\n\t\t<\/div>\n\t\t\t\t<div class=\"elementor-column elementor-col-33 elementor-top-column elementor-element elementor-element-2facf17\" data-id=\"2facf17\" data-element_type=\"column\">\n\t\t\t<div class=\"elementor-column-wrap elementor-element-populated\">\n\t\t\t\t\t\t\t<div class=\"elementor-widget-wrap\">\n\t\t\t\t\t\t<div class=\"elementor-element elementor-element-c5fbd29 elementor-widget elementor-widget-image\" data-id=\"c5fbd29\" data-element_type=\"widget\" data-widget_type=\"image.default\">\n\t\t\t\t<div class=\"elementor-widget-container\">\n\t\t\t\t\t\t\t\t<div class=\"elementor-image\">\n\t\t\t\t\t\t\t\t\t\t\t\t\t<a href=\"https:\/\/muzej-rukotvorina.com\/index.php\/suvremeno-rukotvorstvo\/\">\n\t\t\t\t\t\t\t<img width=\"768\" height=\"512\" src=\"https:\/\/muzej-rukotvorina.com\/wp-content\/uploads\/2020\/12\/RUKOTVORSTVO-768x512.png\" class=\"attachment-medium_large size-medium_large\" alt=\"\" loading=\"lazy\" srcset=\"https:\/\/muzej-rukotvorina.com\/wp-content\/uploads\/2020\/12\/RUKOTVORSTVO-768x512.png 768w, https:\/\/muzej-rukotvorina.com\/wp-content\/uploads\/2020\/12\/RUKOTVORSTVO-300x200.png 300w, https:\/\/muzej-rukotvorina.com\/wp-content\/uploads\/2020\/12\/RUKOTVORSTVO-1024x682.png 1024w, https:\/\/muzej-rukotvorina.com\/wp-content\/uploads\/2020\/12\/RUKOTVORSTVO-1536x1024.png 1536w, https:\/\/muzej-rukotvorina.com\/wp-content\/uploads\/2020\/12\/RUKOTVORSTVO-600x400.png 600w, https:\/\/muzej-rukotvorina.com\/wp-content\/uploads\/2020\/12\/RUKOTVORSTVO.png 1922w\" sizes=\"(max-width: 768px) 100vw, 768px\" \/>\t\t\t\t\t\t\t\t<\/a>\n\t\t\t\t\t\t\t\t\t\t\t\t\t\t<\/div>\n\t\t\t\t\t\t<\/div>\n\t\t\t\t<\/div>\n\t\t\t\t\t\t<\/div>\n\t\t\t\t\t<\/div>\n\t\t<\/div>\n\t\t\t\t\t\t\t\t<\/div>\n\t\t\t\t\t<\/div>\n\t\t<\/section>\n\t\t\t\t<section class=\"elementor-section elementor-top-section elementor-element elementor-element-2e65f32 elementor-section-boxed elementor-section-height-default elementor-section-height-default\" data-id=\"2e65f32\" data-element_type=\"section\" data-settings=\"{&quot;background_background&quot;:&quot;classic&quot;}\">\n\t\t\t\t\t\t<div class=\"elementor-container elementor-column-gap-default\">\n\t\t\t\t\t\t\t<div class=\"elementor-row\">\n\t\t\t\t\t<div class=\"elementor-column elementor-col-50 elementor-top-column elementor-element elementor-element-a428162\" data-id=\"a428162\" data-element_type=\"column\">\n\t\t\t<div class=\"elementor-column-wrap elementor-element-populated\">\n\t\t\t\t\t\t\t<div class=\"elementor-widget-wrap\">\n\t\t\t\t\t\t<div class=\"elementor-element elementor-element-8de145f elementor-widget elementor-widget-image\" data-id=\"8de145f\" data-element_type=\"widget\" data-widget_type=\"image.default\">\n\t\t\t\t<div class=\"elementor-widget-container\">\n\t\t\t\t\t\t\t\t<div class=\"elementor-image\">\n\t\t\t\t\t\t\t\t\t\t\t\t\t<a href=\"https:\/\/muzej-rukotvorina.com\/index.php\/posaljite-nam-vase-rukotvorine\/\">\n\t\t\t\t\t\t\t<img width=\"1024\" height=\"640\" src=\"https:\/\/muzej-rukotvorina.com\/wp-content\/uploads\/2020\/12\/POSALJI-1024x640.jpg\" class=\"attachment-large size-large\" alt=\"\" loading=\"lazy\" srcset=\"https:\/\/muzej-rukotvorina.com\/wp-content\/uploads\/2020\/12\/POSALJI-1024x640.jpg 1024w, https:\/\/muzej-rukotvorina.com\/wp-content\/uploads\/2020\/12\/POSALJI-300x188.jpg 300w, https:\/\/muzej-rukotvorina.com\/wp-content\/uploads\/2020\/12\/POSALJI-768x480.jpg 768w, https:\/\/muzej-rukotvorina.com\/wp-content\/uploads\/2020\/12\/POSALJI-1536x960.jpg 1536w, https:\/\/muzej-rukotvorina.com\/wp-content\/uploads\/2020\/12\/POSALJI-2048x1280.jpg 2048w, https:\/\/muzej-rukotvorina.com\/wp-content\/uploads\/2020\/12\/POSALJI-600x375.jpg 600w\" sizes=\"(max-width: 1024px) 100vw, 1024px\" \/>\t\t\t\t\t\t\t\t<\/a>\n\t\t\t\t\t\t\t\t\t\t\t\t\t\t<\/div>\n\t\t\t\t\t\t<\/div>\n\t\t\t\t<\/div>\n\t\t\t\t\t\t<\/div>\n\t\t\t\t\t<\/div>\n\t\t<\/div>\n\t\t\t\t<div class=\"elementor-column elementor-col-50 elementor-top-column elementor-element elementor-element-48ac578\" data-id=\"48ac578\" data-element_type=\"column\">\n\t\t\t<div class=\"elementor-column-wrap elementor-element-populated\">\n\t\t\t\t\t\t\t<div class=\"elementor-widget-wrap\">\n\t\t\t\t\t\t<div class=\"elementor-element elementor-element-6c3a46d elementor-widget elementor-widget-image\" data-id=\"6c3a46d\" data-element_type=\"widget\" data-widget_type=\"image.default\">\n\t\t\t\t<div class=\"elementor-widget-container\">\n\t\t\t\t\t\t\t\t<div class=\"elementor-image\">\n\t\t\t\t\t\t\t\t\t\t\t\t<img width=\"1024\" height=\"684\" src=\"https:\/\/muzej-rukotvorina.com\/wp-content\/uploads\/2019\/01\/LOGO-FINAL_Virtualni-muzej-rukotvorina-07-1024x684.png\" class=\"attachment-large size-large\" alt=\"\" loading=\"lazy\" srcset=\"https:\/\/muzej-rukotvorina.com\/wp-content\/uploads\/2019\/01\/LOGO-FINAL_Virtualni-muzej-rukotvorina-07-1024x684.png 1024w, https:\/\/muzej-rukotvorina.com\/wp-content\/uploads\/2019\/01\/LOGO-FINAL_Virtualni-muzej-rukotvorina-07-300x200.png 300w, https:\/\/muzej-rukotvorina.com\/wp-content\/uploads\/2019\/01\/LOGO-FINAL_Virtualni-muzej-rukotvorina-07-768x513.png 768w, https:\/\/muzej-rukotvorina.com\/wp-content\/uploads\/2019\/01\/LOGO-FINAL_Virtualni-muzej-rukotvorina-07-600x401.png 600w, https:\/\/muzej-rukotvorina.com\/wp-content\/uploads\/2019\/01\/LOGO-FINAL_Virtualni-muzej-rukotvorina-07.png 1182w\" sizes=\"(max-width: 1024px) 100vw, 1024px\" \/>\t\t\t\t\t\t\t\t\t\t\t\t\t\t<\/div>\n\t\t\t\t\t\t<\/div>\n\t\t\t\t<\/div>\n\t\t\t\t\t\t<\/div>\n\t\t\t\t\t<\/div>\n\t\t<\/div>\n\t\t\t\t\t\t\t\t<\/div>\n\t\t\t\t\t<\/div>\n\t\t<\/section>\n\t\t\t\t\t\t<\/div>\n\t\t\t\t\t\t<\/div>\n\t\t\t\t\t<\/div>\n\t\t","protected":false},"excerpt":{"rendered":"<p>OBI\u010cAJI I TRADICIJA Slikom sa\u010duvan trag u vje\u010dnosti Virtualni Muzej rukotvorina nastao je iz zajednice kao odgovor na postoje\u0107e stanje svijesti ljudi koji \u017eele skrenuti pa\u017enju na vrijednosti tradicijskih rukotvorina koje su nastale u domovima i malim obiteljskim radionicama u bli\u017eoj ili dalekoj povijesti, vrijednosti rukotvorina inspirirane tradicijom ili suvremene rukotvorine koje nastaju iz unutarnjeg [&hellip;]<\/p>\n","protected":false},"author":1,"featured_media":0,"parent":0,"menu_order":1,"comment_status":"closed","ping_status":"closed","template":"elementor_header_footer","meta":[],"_links":{"self":[{"href":"https:\/\/muzej-rukotvorina.com\/index.php\/wp-json\/wp\/v2\/pages\/2375"}],"collection":[{"href":"https:\/\/muzej-rukotvorina.com\/index.php\/wp-json\/wp\/v2\/pages"}],"about":[{"href":"https:\/\/muzej-rukotvorina.com\/index.php\/wp-json\/wp\/v2\/types\/page"}],"author":[{"embeddable":true,"href":"https:\/\/muzej-rukotvorina.com\/index.php\/wp-json\/wp\/v2\/users\/1"}],"replies":[{"embeddable":true,"href":"https:\/\/muzej-rukotvorina.com\/index.php\/wp-json\/wp\/v2\/comments?post=2375"}],"version-history":[{"count":191,"href":"https:\/\/muzej-rukotvorina.com\/index.php\/wp-json\/wp\/v2\/pages\/2375\/revisions"}],"predecessor-version":[{"id":5609,"href":"https:\/\/muzej-rukotvorina.com\/index.php\/wp-json\/wp\/v2\/pages\/2375\/revisions\/5609"}],"wp:attachment":[{"href":"https:\/\/muzej-rukotvorina.com\/index.php\/wp-json\/wp\/v2\/media?parent=2375"}],"curies":[{"name":"wp","href":"https:\/\/api.w.org\/{rel}","templated":true}]}}